at is the thousands digit of 3883?
3
What is the ten thousands digit of 27243?
2
What is the hundreds digit of 3863?
8
What is the units digit of 56487?
7
What is the hundreds digit of 876?
8
What is the units digit of 1428?
8
What is the tens digit of 1487?
8
What is the units digit of 68?
8
What is the ten thousands digit of 10675?
1
What is the hundreds digit of 546?
5
What is the thousands digit of 6344?
6
What is the units digit of 2822?
2
What is the hundreds digit of 1809?
8
What is the tens digit of 4398?
9
What is the units digit of 3537?
7
What is the thousands digit of 72438?
2
What is the units digit of 14689?
9
What is the ten thousands digit of 32564?
3
What is the tens digit of 469?
6
What is the hundreds digit of 7961?
9
What is the hundreds digit of 16775?
7
What is the hundreds digit of 2585?
5
What is the thousands digit of 1640?
1
What is the thousands digit of 3732?
3
What is the tens digit of 2307?
0
What is the hundreds digit of 68324?
3
What is the thousands digit of 3711?
3
What is the thousands digit of 3695?
3
What is the thousands digit of 68321?
8
What is the hundreds digit of 44686?
6
What is the units digit of 53914?
4
What is the ten thousands digit of 32176?
3
What is the units digit of 222?
2
What is the hundreds digit of 2119?
1
What is the tens digit of 709?
0
What is the tens digit of 6982?
8
What is the units digit of 464?
4
What is the hundreds digit of 1705?
7
What is the ten thousands digit of 17356?
1
What is the thousands digit of 1083?
1
What is the units digit of 8?
8
What is the thousands digit of 48278?
8
What is the units digit of 2424?
4
What is the thousands digit of 2970?
2
What is the units digit of 2693?
3
What is the units digit of 166?
6
What is the hundreds digit of 7327?
3
What is the units digit of 957?
7
What is the tens digit of 2686?
8
What is the units digit of 3239?
9
What is the hundreds digit of 144?
1
What is the hundreds digit of 1563?
5
What is the hundreds digit of 14817?
8
What is the tens digit of 43562?
6
What is the hundreds digit of 3001?
0
What is the hundreds digit of 1269?
2
What is the thousands digit of 16000?
6
What is the thousands digit of 3492?
3
What is the hundreds digit of 590?
5
What is the thousands digit of 2202?
2
What is the units digit of 2826?
6
What is the thousands digit of 13661?
3
What is the units digit of 735?
5
What is the units digit of 63280?
0
What is the tens digit of 1355?
5
What is the hundreds digit of 5229?
2
What is the tens digit of 24517?
1
What is the ten thousands digit of 22164?
2
What is the units digit of 393?
3
What is the units digit of 10460?
0
What is the thousands digit of 1987?
1
What is the hundreds digit of 26054?
0
What is the units digit of 1830?
0
What is the units digit of 7734?
4
What is the tens digit of 465?
6
What is the units digit of 1129?
9
What is the ten thousands digit of 111782?
1
What is the hundreds digit of 61749?
7
What is the tens digit of 592?
9
What is the units digit of 13819?
9
What is the tens digit of 762?
6
What is the ten thousands digit of 70574?
7
What is the units digit of 34790?
0
What is the ten thousands digit of 89426?
8
What is the tens digit of 51781?
8
What is the tens digit of 74068?
6
What is the thousands digit of 26536?
6
What is the thousands digit of 10819?
0
What is the tens digit of 1482?
8
What is the hundreds digit of 13749?
7
What is the tens digit of 26178?
7
What is the units digit of 11715?
5
What is the thousands digit of 1057?
1
What is the thousands digit of 6355?
6
What is the tens digit of 508?
0
What is the hundreds digit of 18632?
6
What is the units digit of 446?
6
What is the hundreds digit of 2201?
2
What is the hundreds digit of 3465?
4
What is the hundred thousands digit of 181189?
1
What is the hundreds digit of 100?
1
What is the thousands digit of 6567?
6
What is the tens digit of 56335?
3
What is the thousands digit of 2880?
2
What is the tens digit of 117777?
7
What is the tens digit of 6497?
9
What is the thousands digit of 8989?
8
What is the thousands digit of 4939?
4
What is the thousands digit of 1326?
1
What is the thousands digit of 5477?
5
What is the units digit of 51273?
3
What is the units digit of 8514?
4
What is the tens digit of 931?
3
What is the thousands digit of 42881?
2
What is the tens digit of 605?
0
What is the tens digit of 97343?
4
What is the ten thousands digit of 25885?
2
What is the units digit of 2011?
1
What is the thousands digit of 69862?
9
What is the ten thousands digit of 42425?
4
What is the tens digit of 120827?
2
What is the hundreds digit of 3316?
3
What is the units digit of 7836?
6
What is the hundreds digit of 7720?
7
What is the hundreds digit of 59299?
2
What is the tens digit of 17489?
8
What is the tens digit of 2350?
5
What is the tens digit of 281?
8
What is the tens digit of 4033?
3
What is the tens digit of 1394?
9
What is the ten thousands digit of 29269?
2
What is the thousands digit of 27736?
7
What is the hundreds digit of 14985?
9
What is the hundreds digit of 2887?
8
What is the units digit of 2753?
3
What is the hundreds digit of 1036?
0
What is the tens digit of 2857?
5
What is the tens digit of 44368?
6
What is the tens digit of 25200?
0
What is the hundreds digit of 8645?
6
What is the units digit of 2935?
5
What is the ten thousands digit of 19196?
1
What is the hundreds digit of 77588?
5
What is the hundreds digit of 1156?
1
What is the tens digit of 1286?
8
What is the thousands digit of 22348?
2
What is the hundreds digit of 6685?
6
What is the hundreds digit of 1279?
2
What is the tens digit of 3908?
0
What is the tens digit of 70716?
1
What is the tens digit of 867?
6
What is the hundreds digit of 1112?
1
What is the hundreds digit of 13936?
9
What is the ten thousands digit of 26479?
2
What is the hundreds digit of 6111?
1
What is the hundreds digit of 40935?
9
What is the units digit of 5192?
2
What is the ten thousands digit of 18036?
1
What is the tens digit of 96712?
1
What is the tens digit of 123160?
6
What is the hundreds digit of 1452?
4
What is the hundred thousands digit of 132422?
1
What is the hundreds digit of 2220?
2
What is the units digit of 1771?
1
What is the units digit of 25191?
1
What is the tens digit of 2013?
1
What is the tens digit of 2167?
6
What is the hundreds digit of 7362?
3
What is the hundreds digit of 1255?
2
What is the hundreds digit of 106?
1
What is the units digit of 17196?
6
What is the units digit of 1822?
2
What is the units digit of 10421?
1
What is the units digit of 73173?
3
What is the tens digit of 62886?
8
What is the units digit of 303?
3
What is the ten thousands digit of 33431?
3
What is the hundreds digit of 27002?
0
What is the tens digit of 15390?
9
What is the units digit of 17359?
9
What is the hundreds digit of 3031?
0
What is the hundreds digit of 2239?
2
What is the tens digit of 3754?
5
What is the units digit of 1533?
3
What is the thousands digit of 4976?
4
What is the tens digit of 368?
6
What is the hundreds digit of 2897?
8
What is the tens digit of 9524?
2
What is the tens digit of 4369?
6
What is the tens digit of 241?
4
What is the thousands digit of 1872?
1
What is the thousands digit of 22686?
2
What is the thousands digit of 5942?
5
What is the units digit of 9722?
2
What is the units digit of 5033?
3
What is the units digit of 10000?
0
What is the units digit of 2542?
2
What is the tens digit of 1899?
9
What is the units digit of 1106?
6
What is the hundreds digit of 8889?
8
What is the hundreds digit of 877?
8
What is the units digit of 25074?
4
What is the tens digit of 788?
8
What is the units digit of 94820?
0
What is the tens digit of 28970?
7
What is the hundreds digit of 12113?
1
What is the units digit of 71572?
2
What is the thousands digit of 28088?
8
What is the tens digit of 12056?
5
What is the tens digit of 3710?
1
What is the hundreds digit of 1471?
4
What is the units digit of 57?
7
What is the units digit of 7849?
9
What is the tens digit of 929?
2
What is the units digit of 15759?
9
What is the hundreds digit of 17656?
6
What is the tens digit of 19?
1
What is the hundreds digit of 9213?
2
What is the hundreds digit of 2028?
0
What is the tens digit of 26235?
3
What is the tens digit of 38079?
7
